{"id":159,"date":"2021-03-17T10:27:01","date_gmt":"2021-03-17T13:27:01","guid":{"rendered":"https:\/\/circoloculturaitalia.com\/?page_id=159"},"modified":"2021-03-17T10:27:01","modified_gmt":"2021-03-17T13:27:01","slug":"abruzzo","status":"publish","type":"page","link":"https:\/\/circoloculturaitalia.com\/index.php\/abruzzo\/","title":{"rendered":"Abruzzo"},"content":{"rendered":"\n<p><br>Descrizione:<br>Situato nell\u2019Italia centro- meridionale, l\u2019Abruzzo si estende dal cuore dell\u2019Appennino al mare Adriatico, su un territorio prevalentemente montuoso e selvaggio.<br>In alta montagna, tra vette incontaminate\u00a0 e pareti rocciose sorgono localit\u00e0 turistiche e comprensori attrezzati per lo sci e gli sport d\u2019inverno, come Pescasseroli, Rivisondoli e Roccaraso. Lo scenario naturale dei picchi elevati e impervi del\u00a0Gran Sasso, dei\u00a0Monti della Laga\u00a0e della\u00a0Majella\u00a0digrada poi verso un ampio sistema collinare, per giungere infine al litorale adriatico.\u00a0 Il percorso dal Gran Sasso al mare attraversa territori ricchi di storia, tradizioni e testimonianze artistiche che non finiscono mai di sorprendere i visitatori.<br>Tra le montagne e le colline si incuneano strette valli, percorsi storici naturali,\u00a0 tra cui la scenografica e suggestiva\u00a0Valle dell\u2019Aterno, costellata di antichi borghi. Numerose sono le riserve naturali come il\u00a0Parco nazionale d\u2019Abruzzo, il\u00a0Parco del Gran Sasso e Monti della Laga\u00a0o quello della Majella, che assicurano protezione a specie vegetali e animali tipiche dell\u2019area, come l\u2019aquila reale, il\u00a0 lupo e l\u2019orso marsicano. Il\u00a0litorale\u00a0abruzzese\u00a0\u00e8 caratterizzato da lunghi e sabbiosi arenili nella parte settentrionale, mentre a sud prevalgono le spiagge di ciottoli.<br>Ricchi di fascino sono i piccoli paesini dell\u2019entroterra, i monasteri, i castelli della regione che costituiscono tanti diversi percorsi di visita nella regione pi\u00f9 verde d\u2019Italia.<br>Le province sono:\u00a0L\u2019Aquila\u00a0(capoluogo),\u00a0Pescara,\u00a0Teramo,\u00a0Chieti.\u00a0<br>Cosa vedere:<br>La citt\u00e0 artisticamente pi\u00f9 rappresentativa della regione \u00e8\u00a0L\u2019Aquila, situata alle pendici del Gran Sasso, caratterizzata da un inestimabile patrimonio artistico: dalla magnifica\u00a0Basilica di San Bernardino\u00a0al castello cinquecentesco, dalla\u00a0Basilica di Santa Maria di Collemaggio\u00a0alla\u00a0fontana delle 99 cannelle, impreziosita da altrettanti mascheroni in pietra.<br>La citt\u00e0 della \u201cperdonanza celestiniana\u201d offre innumerevoli itinerari di storia, di arte e di fede.<br>Purtroppo, il terremoto del 6 aprile 2009 ha duramente colpito la citt\u00e0 e il territorio circostante, causando ingenti danni ai suoi preziosi tesori d\u2019arte.<br>Nell&#8217;aquilano sono molteplici le testimonianze della complessa storia abruzzese, dal famoso\u00a0Castello di Celano, oggi sede del museo Archeologico e di Arte Sacra, ai resti dell&#8217;antica citt\u00e0 romana di\u00a0Alba Fucens. Sul versante adriatico, caratterizzato da spiagge lunghe e sabbiose spicca\u00a0Pescara, importante centro turistico, citt\u00e0 che custodisce il ricordo del poeta Gabriele D\u2019Annunzio. Numerose e caratteristiche sono le localit\u00e0 turistiche costiere:\u00a0Tortoreto, Giulianova,\u00a0Silvi Marina, Roseto e, scendendo a sud,\u00a0Ortona, Vasto e\u00a0San Salvo.\u00a0<br>Chieti,\u00a0situata in collina in prossimit\u00e0 della costa, custodisce una meravigliosa cattedrale dell\u2019XI secolo; di particolare interesse \u00e8 anche il Museo Archeologico nazionale, ricco di reperti preistorici e testimonianze di civilt\u00e0 greca e romana. Altra importante citt\u00e0 \u00e8\u00a0Teramo, con la sua cattedrale medievale e i resti del teatro e dell\u2019anfiteatro di et\u00e0 romana.<br>Innumerevoli sono i\u00a0vecchi borghi, custodi di una civilt\u00e0 contadina che mantiene ancora vive le sue tradizioni attraverso il folclore e l\u2019artigianato locale. Una delle localit\u00e0 pi\u00f9 caratteristiche \u00e8\u00a0Scanno,\u00a0con le sue\u00a0strette vie, i portali barocchi e gli antichi palazzi \u00e8 un paesino caratteristico della valle del Sangro, situato in prossimit\u00e0 di un incantevole lago.<br>Ricca di storia e tradizioni \u00e8\u00a0\u00a0Sulmona, patria del poeta Ovidio, che custodisce preziose testimonianze artistiche e anche\u00a0 il famoso eremo di Celestino V.<br>Cosa Fare:<br>Il variegato panorama dell\u2019Abruzzo offre diversi tipi di vacanze, tutte entusiasmanti e ricche di sorprese. Le vette pi\u00f9 alte dell\u2019Appennino e le rinomate localit\u00e0 turistiche Roccaraso, Rivisondoli, Pescasseroli e Campo Imperatore accolgono i visitatori con moderni impianti e un ampio sistema di piste gli appassionati di\u00a0sci, snowboard, snowrafting, mentre i percorsi per lo\u00a0sci di fondo\u00a0si inoltrano nei magnifici paesaggi del\u00a0Parco Nazionale d\u2019Abruzzo, Lazio e Molise. Numerosi sono gli sport da praticare a contatto con la natura: passeggiate ed\u00a0escursioni\u00a0a piedi, in\u00a0mountain bike\u00a0o percorsi di\u00a0trekking\u00a0all\u2019interno di aree protette o in siti di particolare valore naturalistico come le splendide Gole del Sagittario, le cascate di Zompo lo Schioppo, o i laghi di Penne e Serranello, dove si possono avvistare anche le specie pi\u00f9 rare di uccelli. Dal Gran Sasso al Sirente, l\u2019ambiente di alta montagna \u00e8 particolarmente adatto all\u2019alpinismo\u00a0e all\u2019arrampicata. Per chi ama l\u2019equitazione\u00a0innumerevoli sono le possibilit\u00e0 di escursioni a cavallo, mentre nel Parco del\u00a0Gran Sasso e Monti della Laga\u00a0\u00e8 possibile percorrere una ippovia di centinaia di chilometri tra contesti naturalistici di singolare valore. Lungo la\u00a0costa\u00a0\u00e8 possibile dedicarsi a tutti gli sport marini:\u00a0vela, canoa, pesca, windsurf, grazie alla presenza di spiagge attrezzate e di strutture moderne. Ampio spazio anche a itinerari in bicicletta tra pinete e faggete, per poi trascorrere serate all\u2019insegna del\u00a0divertimento\u00a0tra discoteche, locali e ristoranti delle diverse localit\u00e0 costiere. Importanti sono anche le testimonianze archeologiche dell&#8217;area fucense nella Valle del Fucino. Sede di un lago ormai prosciugato, territorio satellite della Roma imperiale nel quale spiccano le rovine di\u00a0Alba Fucens, citt\u00e0 romana alle falde del Monte Velino a pochi chilometri da Avezzano e i resti di antiche domus romane e necropoli autoctone. Numerosi gli\u00a0itinerari religiosi\u00a0verso luoghi di devozione immersi in ambienti incontaminati, tra cui il famoso Eremo di Celestino V, incastonato in una parete rocciosa o la chiesa romanico-gotica di Santa Maria di Propezzano nella valle del Vomano o ancora la chiesa di Santa Maria in Valle Porclaneta nel comune di Magliano de&#8217; Marsi (AQ). I pi\u00f9 golosi possono inoltrarsi tra oliveti e vigneti, dalla costa adriatica verso l\u2019interno fino alla Valle Peligna per visitare aziende e\u00a0gustare vini, olio e squisiti prodotti locali. Infine, da non perdere le manifestazioni di folclore, le feste religiose e gli eventi come la famosa Festa della Perdonanza a L\u2019Aquila, la festa dei Serpari di San Domenico a Cocullo, il Presepe vivente di Rivisondoli, il Settembre Lancianese e le numerose sagre che vedono protagonisti i piccoli borghi.\u00a0\u00a0<br>Cosa Mangiare:<br>L\u2019Abruzzo ha una ricca tradizione gastronomica, con tradizioni specifiche, legate alle singole province.\u00a0Sovrani in tavola sono i\u00a0maccheroni alla chitarra, pasta fatta in casa, tagliata con un telaio dai fili d\u2019acciaio; tipiche del teramano sono le\u00a0scrippelle, sottili sfoglie di pasta in brodo e tutte le zuppe con i legumi. Sulla costa dominano i primi piatti a base di pesce, spesso conditi con il pomodoro per esaltare il gusto del \u00abpesce povero\u00bb che si pesca nel mare antistante ad antiche localit\u00e0 marine.Tra i secondi, tipica ricetta del chietino \u00e8 lo\u00a0scapece, pesce fritto conservato nell\u2019aceto. Altrettanto lo \u00e8 il guazzetto o \u00abbrodetto di pesce\u00bb che si consuma principalmente nei centri costieri e, rivisitato, nelle zone del teramano. A farla da padrone in tavola \u00e9 per\u00f2 la carne genuina dei monti abruzzesi, soprattutto nel teramano e nell&#8217;aquilano, zone tradizionalmente dedicate all&#8217;allevamento degli ovini. Tuttavia, ovunque in abruzzo abbondano i menu a base di agnello, capretto, pecora. I salumi, come\u00a0prosciutto,\u00a0lonza\u00a0e\u00a0ventricina, sono il piatto forte delle zone montane. Il tipico pasto abruzzese \u00e8 innaffiato da una selezione dei migliori vini regionali Doc, e Igt.\u00a0Montepulciano d\u2019Abruzzo, Sangiovese e\u00a0Trebbiano d\u2019Abruzzo\u00a0nel tempo hanno conquistato il mercato nazionale e internazionale per la cura della loro produzione e l&#8217;ottimo rapporto fra la qualit\u00e0 e il prezzo. Molte sono le produzioni di vino biologico soprattutto nel chietino e nel teramano. Tra i\u00a0dolci, spesso a base di mandorle e miele, spiccano i\u00a0torroni, famosi quelli dell&#8217;Aquila, i\u00a0confetti, specialit\u00e0 di Sulmona, e la cicerchiata, piccole palline di pasta fritta ricoperte di miele, ma anche i mostaccioli e il rinomato\u00a0bocconotto, tipico della zona di\u00a0Chieti.<\/p>\n","protected":false},"excerpt":{"rendered":"<p>Descrizione:Situato nell\u2019Italia centro- meridionale, l\u2019Abruzzo si estende dal cuore dell\u2019Appennino al mare Adriatico, su un territorio prevalentemente montuoso e selvaggio.In alta montagna, tra vette incontaminate\u00a0 e pareti rocciose sorgono localit\u00e0 turistiche e comprensori attrezzati per lo sci e gli sport d\u2019inverno, come Pescasseroli, Rivisondoli e [&hellip;]<\/p>\n","protected":false},"author":1,"featured_media":160,"parent":0,"menu_order":0,"comment_status":"closed","ping_status":"closed","template":"","meta":{"footnotes":""},"class_list":["post-159","page","type-page","status-publish","has-post-thumbnail","hentry"],"_links":{"self":[{"href":"https:\/\/circoloculturaitalia.com\/index.php\/wp-json\/wp\/v2\/pages\/159","targetHints":{"allow":["GET"]}}],"collection":[{"href":"https:\/\/circoloculturaitalia.com\/index.php\/wp-json\/wp\/v2\/pages"}],"about":[{"href":"https:\/\/circoloculturaitalia.com\/index.php\/wp-json\/wp\/v2\/types\/page"}],"author":[{"embeddable":true,"href":"https:\/\/circoloculturaitalia.com\/index.php\/wp-json\/wp\/v2\/users\/1"}],"replies":[{"embeddable":true,"href":"https:\/\/circoloculturaitalia.com\/index.php\/wp-json\/wp\/v2\/comments?post=159"}],"version-history":[{"count":1,"href":"https:\/\/circoloculturaitalia.com\/index.php\/wp-json\/wp\/v2\/pages\/159\/revisions"}],"predecessor-version":[{"id":163,"href":"https:\/\/circoloculturaitalia.com\/index.php\/wp-json\/wp\/v2\/pages\/159\/revisions\/163"}],"wp:featuredmedia":[{"embeddable":true,"href":"https:\/\/circoloculturaitalia.com\/index.php\/wp-json\/wp\/v2\/media\/160"}],"wp:attachment":[{"href":"https:\/\/circoloculturaitalia.com\/index.php\/wp-json\/wp\/v2\/media?parent=159"}],"curies":[{"name":"wp","href":"https:\/\/api.w.org\/{rel}","templated":true}]}}