{"id":29,"date":"2021-03-09T13:12:11","date_gmt":"2021-03-09T13:12:11","guid":{"rendered":"https:\/\/circoloculturaitalia.com\/?page_id=29"},"modified":"2021-03-11T12:34:18","modified_gmt":"2021-03-11T15:34:18","slug":"organigrama","status":"publish","type":"page","link":"https:\/\/circoloculturaitalia.com\/index.php\/organigrama\/","title":{"rendered":"Organigrama"},"content":{"rendered":"\n<p>Organigrama de la Asociaci\u00f3n Circolo Cultura Italia<\/p>\n\n\n\n<p><em><strong>COMISION DIRECTIVA<\/strong><\/em><\/p>\n\n\n\n<ul class=\"wp-block-list\"><li>Gaetano Amato: Presidente<\/li><\/ul>\n\n\n\n<p>Escritor y Periodista \u2013 Director Editorial del Peri\u00f3dico Cultural Italo-Argentino \u201cGazzettino Italiano Patag\u00f3nico\u201d publicado en Argentina.<\/p>\n\n\n\n<p>Socio Fundador y Presidente del Circolo Cultura Italia 2021<\/p>\n\n\n\n<ul class=\"wp-block-list\"><li>Melina Elisa Mones Ruiz: Secretaria<\/li><\/ul>\n\n\n\n<p>Profesora de Educaci\u00f3n Musical especializada en la ense\u00f1anza en Nivel inicial y primario \u2013 Profesora Superior de Guitarra<\/p>\n\n\n\n<p>Socia Fundadora del Circolo Cultura Italia 2021<\/p>\n\n\n\n<ul class=\"wp-block-list\"><li>Ricardo Calegari: Tesorero<\/li><\/ul>\n\n\n\n<p>Lic. En Geolog\u00eda. Retirado de YPF SA con 37 a\u00f1os de antig\u00fcedad.<\/p>\n\n\n\n<p>Socio Fundador del Circolo Cultura Italia 2021<\/p>\n\n\n\n<ul class=\"wp-block-list\"><li>Sergio Planas: Vocal 1<\/li><\/ul>\n\n\n\n<p>Arquitecto \u2013 Especializado en construcciones STEEL FRAMING<\/p>\n\n\n\n<p>Socio Fundador del Circolo Cultura Italia<\/p>\n\n\n\n<ul class=\"wp-block-list\"><li>M\u00f3nica L\u00f3pez: Vocal 2<\/li><\/ul>\n\n\n\n<p>Profesora de Ense\u00f1anza Primaria \u2013 Profesora de Educaci\u00f3n Musical \u2013 Magister en Did\u00e1ctica de la M\u00fasica \u2013 Secretaria Jur\u00eddica e Inform\u00e1tica Educativa<\/p>\n\n\n\n<p>Socia Fundadora del Circolo Cultura Italia.<\/p>\n\n\n\n<ul class=\"wp-block-list\"><li>Ricardo Ferrante: Vocal suplente<\/li><\/ul>\n\n\n\n<p>Lic. En Geolog\u00eda \u2013 Consultor Petrolero.<\/p>\n\n\n\n<p>Socio Fundador del Circolo Cultura Italia<\/p>\n\n\n\n<ul class=\"wp-block-list\"><li>Martin Belli: Revisor de cuentas titular<\/li><\/ul>\n\n\n\n<p>Abogado<\/p>\n\n\n\n<p>Socio Fundador del Circolo Cultura Italia<\/p>\n","protected":false},"excerpt":{"rendered":"<p>Organigrama de la Asociaci\u00f3n Circolo Cultura Italia COMISION DIRECTIVA Gaetano Amato: Presidente Escritor y Periodista \u2013 Director Editorial del Peri\u00f3dico Cultural Italo-Argentino \u201cGazzettino Italiano Patag\u00f3nico\u201d publicado en Argentina. Socio Fundador y Presidente del Circolo Cultura Italia 2021 Melina Elisa Mones Ruiz: Secretaria Profesora de Educaci\u00f3n [&hellip;]<\/p>\n","protected":false},"author":1,"featured_media":9,"parent":0,"menu_order":0,"comment_status":"closed","ping_status":"closed","template":"","meta":{"footnotes":""},"class_list":["post-29","page","type-page","status-publish","has-post-thumbnail","hentry"],"_links":{"self":[{"href":"https:\/\/circoloculturaitalia.com\/index.php\/wp-json\/wp\/v2\/pages\/29","targetHints":{"allow":["GET"]}}],"collection":[{"href":"https:\/\/circoloculturaitalia.com\/index.php\/wp-json\/wp\/v2\/pages"}],"about":[{"href":"https:\/\/circoloculturaitalia.com\/index.php\/wp-json\/wp\/v2\/types\/page"}],"author":[{"embeddable":true,"href":"https:\/\/circoloculturaitalia.com\/index.php\/wp-json\/wp\/v2\/users\/1"}],"replies":[{"embeddable":true,"href":"https:\/\/circoloculturaitalia.com\/index.php\/wp-json\/wp\/v2\/comments?post=29"}],"version-history":[{"count":3,"href":"https:\/\/circoloculturaitalia.com\/index.php\/wp-json\/wp\/v2\/pages\/29\/revisions"}],"predecessor-version":[{"id":135,"href":"https:\/\/circoloculturaitalia.com\/index.php\/wp-json\/wp\/v2\/pages\/29\/revisions\/135"}],"wp:featuredmedia":[{"embeddable":true,"href":"https:\/\/circoloculturaitalia.com\/index.php\/wp-json\/wp\/v2\/media\/9"}],"wp:attachment":[{"href":"https:\/\/circoloculturaitalia.com\/index.php\/wp-json\/wp\/v2\/media?parent=29"}],"curies":[{"name":"wp","href":"https:\/\/api.w.org\/{rel}","templated":true}]}}

<p>Organigrama de la Asociación Circolo Cultura Italia</p>



<p><em><strong>COMISION DIRECTIVA</strong></em></p>



<ul class="wp-block-list"><li>Gaetano Amato: Presidente</li></ul>



<p>Escritor y Periodista – Director Editorial del Periódico Cultural Italo-Argentino “Gazzettino Italiano Patagónico” publicado en Argentina.</p>



<p>Socio Fundador y Presidente del Circolo Cultura Italia 2021</p>



<ul class="wp-block-list"><li>Melina Elisa Mones Ruiz: Secretaria</li></ul>



<p>Profesora de Educación Musical especializada en la enseñanza en Nivel inicial y primario – Profesora Superior de Guitarra</p>



<p>Socia Fundadora del Circolo Cultura Italia 2021</p>



<ul class="wp-block-list"><li>Ricardo Calegari: Tesorero</li></ul>



<p>Lic. En Geología. Retirado de YPF SA con 37 años de antigüedad.</p>



<p>Socio Fundador del Circolo Cultura Italia 2021</p>



<ul class="wp-block-list"><li>Sergio Planas: Vocal 1</li></ul>



<p>Arquitecto – Especializado en construcciones STEEL FRAMING</p>



<p>Socio Fundador del Circolo Cultura Italia</p>



<ul class="wp-block-list"><li>Mónica López: Vocal 2</li></ul>



<p>Profesora de Enseñanza Primaria – Profesora de Educación Musical – Magister en Didáctica de la Música – Secretaria Jurídica e Informática Educativa</p>



<p>Socia Fundadora del Circolo Cultura Italia.</p>



<ul class="wp-block-list"><li>Ricardo Ferrante: Vocal suplente</li></ul>



<p>Lic. En Geología – Consultor Petrolero.</p>



<p>Socio Fundador del Circolo Cultura Italia</p>



<ul class="wp-block-list"><li>Martin Belli: Revisor de cuentas titular</li></ul>



<p>Abogado</p>



<p>Socio Fundador del Circolo Cultura Italia</p>

<p>Organigrama de la Asociación Circolo Cultura Italia COMISION DIRECTIVA Gaetano Amato: Presidente Escritor y Periodista – Director Editorial del Periódico Cultural Italo-Argentino “Gazzettino Italiano Patagónico” publicado en Argentina. Socio Fundador y Presidente del Circolo Cultura Italia 2021 Melina Elisa Mones Ruiz: Secretaria Profesora de Educación [&hellip;]</p>
