{"id":52,"date":"2021-03-09T22:26:53","date_gmt":"2021-03-09T22:26:53","guid":{"rendered":"https:\/\/circoloculturaitalia.com\/?page_id=52"},"modified":"2021-03-09T23:52:17","modified_gmt":"2021-03-09T23:52:17","slug":"calabria","status":"publish","type":"page","link":"https:\/\/circoloculturaitalia.com\/index.php\/calabria\/","title":{"rendered":"Calabria"},"content":{"rendered":"\n<p>La Calabria \u00e8 la punta dello Stivale, l\u2019estremo sud dell\u2019Italia. Lambita dalle splendide acque del&nbsp;mar Ionio&nbsp;e del&nbsp;mar Tirreno&nbsp;\u00e8 separata dalla Sicilia dallo stretto di Messina.<br>Il clima accogliente, gli splendidi colori del mare, le coste rocciose alternate a litorali sabbiosi, la&nbsp;sua&nbsp;natura&nbsp;selvaggia e misteriosa, i sapori intensi e genuini della cucina locale e le testimonianze delle sue antiche origini rendono la Calabria un posto unico, da ammirare sia d&#8217;inverno che d&#8217;estate. Ogni desiderio potr\u00e0 essere esaudito. Chi ama la natura, i suoi profumi, i suoi misteri potr\u00e0 addentrarsi nell\u2019entroterra calabrese, scoprendo un paesaggio puro e incontaminato, dove immense distese di verde sono interrotte dal blu di laghi e cascate. Chi, invece, vuole abbronzarsi sotto i caldi raggi del sole o immergersi in un&nbsp;mare&nbsp;cristallino, potr\u00e0 scegliere fra le&nbsp;tante graziose localit\u00e0&nbsp;che costellano le lunghe coste tirreniche e ioniche. E per coloro che vogliono conoscere il passato di questa terra, culla della&nbsp;Magna Grecia&nbsp;e terra di antichi insediamenti, la Calabria offre un\u2019ampia scelta fra chiese e monasteri, castelli e palazzi, borghi e luoghi dove sopravvivono usi e tradizioni secolari.<br>Le province sono:&nbsp;Catanzaro&nbsp;(capoluogo),&nbsp;Reggio Calabria,&nbsp;Cosenza,&nbsp;Crotone&nbsp;e&nbsp;Vibo Valentia.<br>Le specialit\u00e0:<br>La Calabria \u00e8 terra di emozioni forti e intense. I suoi sapori lo sono altrettanto: un esempio per tutti \u00e8 rappresentato dal famoso&nbsp;peperoncino calabrese. \u00c8 facile trovare questo ingrediente&nbsp;in molti&nbsp;piatti caratteristici&nbsp;calabresi: dalle&nbsp;bruschette con la&nbsp;n\u2019duja&nbsp;o con la&nbsp;sardella&nbsp;&#8211; detta il \u201ccaviale dei poveri\u201d &#8211; agli&nbsp;insaccati&nbsp;di&nbsp;carne suina, dai&nbsp;condimenti&nbsp;per la&nbsp;pasta&nbsp;alle pietanze di&nbsp;pesce. Al gusto deciso del peperoncino si contrappone quello dolce della famosa&nbsp;cipolla rossa di Tropea, tutelata dal marchio IGP, usata sia per insaporire le pietanze che&nbsp;per scopi curativi.&nbsp; Fra le prelibatezze&nbsp;tipiche della Calabria sono assolutamente da provare, infine, l&#8217;olio extra-vergine, i&nbsp;vini, i&nbsp;liquori a base di&nbsp;bergamotto,&nbsp;liquirizia,&nbsp;cedro&nbsp;o&nbsp;erbe, il&nbsp;miele,&nbsp;le&nbsp;confetture e la pasta&nbsp;dalle forme caratteristiche (strangugghj,&nbsp;fileja,&nbsp;maccaruni) lavorata ancora con gli antichi metodi. Gustosi e da non perdere anche i&nbsp;dolci natalizi.<br>Cosa Fare:<br>Quando si pensa alla Calabria viene subito in mente il&nbsp;mare&nbsp;e le splendide&nbsp;spiagge&nbsp;dove crogiolarsi sotto i raggi del sole. Ma le sue acque dai riflessi cristallini sono anche una \u201cpalestra naturale\u00bb dove divertirsi praticando&nbsp;windsurf,&nbsp;kitesurf&nbsp;o&nbsp;immersioni subacquee&nbsp;alla scoperta dei meravigliosi fondali che ospitano coloratissime gorgonie e affascinanti relitti della II\u00b0 guerra mondiale. Tante sono anche le opportunit\u00e0 di divertimento e di relax che la Calabria offre a chi sceglie di trascorrere le sue vacanze esplorando le zone interne. I&nbsp;Parchi Nazionali, che ricoprono gran parte dell\u2019entroterra, offrono un ventaglio di opportunit\u00e0 cos\u00ec ampio da soddisfare ogni tipo di esigenza. Chi ama gli sport invernali sceglier\u00e0 una delle tante&nbsp;localit\u00e0 sciistiche, dotate anche di piste sintetiche per allenarsi durante tutto l\u2019anno. Chi, invece, vuole mettersi pi\u00f9 alla prova pu\u00f2 affrontare un\u2019escursione in&nbsp;rafting&nbsp;lungo il&nbsp;fiume Lao&nbsp;o attraverso le&nbsp;gole&nbsp;della&nbsp;Sila. In alternativa, si pu\u00f2 scendere il fiume senza l\u2019ausilio di particolari imbarcazioni ma semplicemente \u201ccamminando\u201d, tuffandosi nell\u2019acqua e calandosi con la corda nei tratti pi\u00f9 impegnativi (canyoning). Il supporto di apposite guide specializzate pu\u00f2 rendere queste affascinanti attivit\u00e0 sportive accessibili a tutti. Altra possibilit\u00e0 per imparare e divertirsi allo stesso tempo \u00e8 l\u2019orienteering, uno sport nato nei paesi scandinavi per misurare le capacit\u00e0 di orientamento. Il partecipante, dotato di una carta e di una bussola, deve raggiungere nel minor tempo possibile il traguardo, scegliendo autonomamente il percorso ma con l\u2019obbligo di raggiungere delle tappe intermedie. E perch\u00e9 non provare l\u2019emozione di \u201cvolare\u201d sopra i panorami mozzafiato della Calabria? Istruttori specializzati vi condurranno lungo le vie del cielo, agganciati saldamente alla sella di un&nbsp;parapendio, facendovi ammirare la bellezza della Calabria da una prospettiva assolutamente diversa.<\/p>\n","protected":false},"excerpt":{"rendered":"<p>La Calabria \u00e8 la punta dello Stivale, l\u2019estremo sud dell\u2019Italia. Lambita dalle splendide acque del&nbsp;mar Ionio&nbsp;e del&nbsp;mar Tirreno&nbsp;\u00e8 separata dalla Sicilia dallo stretto di Messina.Il clima accogliente, gli splendidi colori del mare, le coste rocciose alternate a litorali sabbiosi, la&nbsp;sua&nbsp;natura&nbsp;selvaggia e misteriosa, i sapori intensi [&hellip;]<\/p>\n","protected":false},"author":1,"featured_media":54,"parent":0,"menu_order":0,"comment_status":"closed","ping_status":"closed","template":"","meta":{"footnotes":""},"class_list":["post-52","page","type-page","status-publish","has-post-thumbnail","hentry"],"_links":{"self":[{"href":"https:\/\/circoloculturaitalia.com\/index.php\/wp-json\/wp\/v2\/pages\/52","targetHints":{"allow":["GET"]}}],"collection":[{"href":"https:\/\/circoloculturaitalia.com\/index.php\/wp-json\/wp\/v2\/pages"}],"about":[{"href":"https:\/\/circoloculturaitalia.com\/index.php\/wp-json\/wp\/v2\/types\/page"}],"author":[{"embeddable":true,"href":"https:\/\/circoloculturaitalia.com\/index.php\/wp-json\/wp\/v2\/users\/1"}],"replies":[{"embeddable":true,"href":"https:\/\/circoloculturaitalia.com\/index.php\/wp-json\/wp\/v2\/comments?post=52"}],"version-history":[{"count":2,"href":"https:\/\/circoloculturaitalia.com\/index.php\/wp-json\/wp\/v2\/pages\/52\/revisions"}],"predecessor-version":[{"id":87,"href":"https:\/\/circoloculturaitalia.com\/index.php\/wp-json\/wp\/v2\/pages\/52\/revisions\/87"}],"wp:featuredmedia":[{"embeddable":true,"href":"https:\/\/circoloculturaitalia.com\/index.php\/wp-json\/wp\/v2\/media\/54"}],"wp:attachment":[{"href":"https:\/\/circoloculturaitalia.com\/index.php\/wp-json\/wp\/v2\/media?parent=52"}],"curies":[{"name":"wp","href":"https:\/\/api.w.org\/{rel}","templated":true}]}}